 of 72 and 32.
8
Calculate the greatest common factor of 36 and 15426.
18
Calculate the greatest common factor of 8119 and 529.
23
What is the greatest common divisor of 2746 and 14?
2
What is the highest common divisor of 141 and 3?
3
What is the greatest common divisor of 2 and 3?
1
What is the highest common factor of 51 and 136?
17
What is the highest common divisor of 174 and 58?
58
Calculate the greatest common divisor of 717 and 24617.
239
What is the greatest common divisor of 40 and 4190?
10
Calculate the greatest common factor of 1978 and 774.
86
Calculate the greatest common divisor of 48 and 208.
16
What is the greatest common divisor of 814 and 22?
22
What is the highest common factor of 176 and 55?
11
Calculate the highest common divisor of 7744 and 528.
176
What is the greatest common divisor of 12 and 46?
2
Calculate the greatest common factor of 923 and 13.
13
Calculate the highest common factor of 6 and 162.
6
What is the highest common factor of 9500 and 19?
19
What is the highest common factor of 195 and 3?
3
Calculate the highest common factor of 20 and 108.
4
Calculate the greatest common divisor of 47 and 30221.
47
Calculate the highest common divisor of 72 and 54.
18
Calculate the greatest common factor of 68 and 3.
1
What is the greatest common factor of 228 and 36?
12
Calculate the greatest common divisor of 136 and 3196.
68
Calculate the greatest common divisor of 65 and 221.
13
What is the highest common factor of 735 and 1680?
105
Calculate the highest common divisor of 19149 and 78.
39
Calculate the greatest common factor of 25 and 15.
5
What is the greatest common factor of 56 and 32?
8
Calculate the greatest common factor of 1090 and 530.
10
Calculate the highest common divisor of 2 and 1124.
2
What is the greatest common factor of 3 and 15?
3
What is the greatest common divisor of 14 and 18298?
14
What is the highest common factor of 7923 and 38?
19
Calculate the greatest common divisor of 26 and 1586.
26
Calculate the highest common divisor of 72 and 288.
72
What is the greatest common factor of 22 and 1078?
22
Calculate the highest common factor of 4 and 44.
4
Calculate the highest common factor of 5 and 545.
5
What is the greatest common divisor of 80 and 90?
10
Calculate the greatest common factor of 1071 and 252.
63
What is the highest common factor of 25 and 215?
5
What is the greatest common factor of 17 and 221?
17
What is the highest common factor of 833 and 126?
7
What is the greatest common divisor of 23 and 391?
23
Calculate the greatest common divisor of 182 and 224.
14
What is the highest common divisor of 61 and 72041?
61
What is the highest common divisor of 210 and 126?
42
Calculate the highest common factor of 54 and 216.
54
Calculate the greatest common divisor of 170 and 10.
10
What is the greatest common divisor of 6 and 37?
1
What is the highest common factor of 176 and 77?
11
Calculate the highest common divisor of 850 and 50.
50
Calculate the greatest common factor of 130 and 182.
26
What is the greatest common divisor of 670 and 5?
5
Calculate the highest common divisor of 153 and 68.
17
What is the highest common factor of 234 and 72?
18
Calculate the highest common factor of 196 and 539.
49
What is the greatest common factor of 265 and 10?
5
Calculate the greatest common divisor of 12950 and 105.
35
Calculate the greatest common divisor of 119 and 527.
17
What is the highest common factor of 31 and 2263?
31
Calculate the greatest common divisor of 128 and 48.
16
What is the greatest common divisor of 395 and 158?
79
Calculate the greatest common factor of 35 and 322.
7
Calculate the greatest common divisor of 7025 and 25.
25
What is the highest common divisor of 23 and 322?
23
What is the greatest common factor of 750 and 130?
10
Calculate the highest common divisor of 88 and 1808.
8
What is the highest common divisor of 60 and 492?
12
Calculate the highest common factor of 105 and 35.
35
Calculate the greatest common divisor of 1222 and 754.
26
Calculate the highest common divisor of 36 and 117.
9
Calculate the highest common divisor of 861 and 410.
41
Calculate the greatest common factor of 845 and 195.
65
Calculate the highest common divisor of 1656 and 104.
8
What is the highest common divisor of 830 and 10?
10
Calculate the highest common divisor of 7081 and 776.
97
Calculate the greatest common factor of 56 and 21.
7
What is the greatest common factor of 160 and 112?
16
Calculate the greatest common divisor of 346 and 22.
2
What is the highest common factor of 8485 and 5?
5
Calculate the greatest common divisor of 4853 and 23.
23
Calculate the highest common divisor of 180 and 288.
36
What is the highest common factor of 8908 and 131?
131
What is the greatest common divisor of 66 and 682?
22
Calculate the greatest common factor of 32 and 200.
8
What is the highest common factor of 1022 and 73?
73
Calculate the highest common factor of 165 and 5.
5
Calculate the greatest common divisor of 72 and 9.
9
What is the highest common divisor of 26 and 247?
13
Calculate the highest common factor of 172 and 1462.
86
Calculate the greatest common factor of 1305 and 87.
87
What is the highest common factor of 323 and 187?
17
Calculate the greatest common factor of 3294 and 976.
122
What is the highest common factor of 4592 and 41?
41
Calculate the highest common divisor of 710 and 20.
10
Calculate the highest common divisor of 6 and 183.
3
What is the greatest common divisor of 30 and 6?
6
What is the highest common factor of 2795 and 455?
65
What is the highest common factor of 3 and 51?
3
Calculate the highest common factor of 47 and 29.
1
What is the highest common divisor of 143 and 6721?
143
What is the greatest common divisor of 1023 and 62?
31
What is the greatest common factor of 3260 and 20?
20
What is the highest common divisor of 1407 and 42?
21
Calculate the highest common factor of 84 and 114.
6
Calculate the highest common divisor of 27410 and 10.
10
Calculate the greatest common factor of 120 and 24.
24
What is the highest common factor of 5202 and 36?
18
What is the highest common factor of 258 and 2967?
129
Calculate the greatest common divisor of 255 and 60.
15
What is the highest common factor of 13 and 30199?
13
Calculate the highest common divisor of 40 and 22510.
10
Calculate the highest common factor of 168 and 8421.
21
Calculate the highest common factor of 1965 and 131.
131
Calculate the greatest common factor of 874 and 2698.
38
What is the greatest common factor of 836 and 684?
76
Calculate the greatest common divisor of 3883 and 11.
11
Calculate the greatest common divisor of 196 and 5684.
196
Calculate the highest common divisor of 555 and 1776.
111
Calculate the highest common divisor of 68 and 3706.
34
Calculate the greatest common factor of 246 and 54.
6
What is the greatest common divisor of 285 and 105?
15
Calculate the highest common divisor of 138 and 6.
6
Calculate the greatest common divisor of 125 and 895.
5
Calculate the highest common divisor of 14 and 77.
7
Calculate the highest common factor of 848 and 368.
16
Calculate the greatest common factor of 150 and 150.
150
Calculate the highest common factor of 1032 and 2279.
43
Calculate the highest common divisor of 18 and 10.
2
Calculate the highest common divisor of 42 and 4614.
6
Calculate the highest common factor of 24 and 24.
24
What is the greatest common factor of 1262 and 2?
2
What is the highest common factor of 550 and 100?
50
What is the greatest common factor of 847 and 121?
121
Calculate the highest common factor of 12 and 51528.
12
Calculate the greatest common divisor of 3360 and 168.
168
What is the highest common factor of 34 and 153?
17
What is the greatest common factor of 67 and 4?
1
Calculate the greatest common divisor of 28 and 378.
14
Calculate the highest common factor of 49996 and 29.
29
Calculate the highest common factor of 51 and 57.
3
Calculate the highest common divisor of 63 and 5544.
63
Calculate the highest common divisor of 52 and 16978.
26
What is the greatest common divisor of 65 and 320?
5
What is the greatest common divisor of 6943 and 53?
53
What is the greatest common factor of 4 and 243?
1
Calculate the highest common factor of 380 and 40.
20
Calculate the